3, 29
Suppose -3*m = 13 + 2, 0 = 2*f - 5*m - 33. Let s be (-2)/f - (-6)/4. Suppose y - 4 = s. What are the prime factors of y?
5
Let s be 0 - (-5 - (-2)/1). Suppose s*x - 24 = x. What are the prime factors of x?
2, 3
Let i = -94 - -228. What are the prime factors of i?
2, 67
Let m(n) = 5*n**2 + 2*n - 3. Let g be m(2). Suppose g = 5*b - 59. What are the prime factors of b?
2
Let p(x) = -x**2 + 3*x + 2. Let i be p(3). Suppose 2*d = -i*d + 92. Let u = d - 13. List the prime factors of u.
2, 5
Suppose 1 = -5*h + 26. Let d = -8 - -34. Suppose -d = -h*y + 4. What are the prime factors of y?
2, 3
Let r be (-10)/((15/(-6))/5). Suppose 3*f - 2*f = r. What are the prime factors of (-8)/f - (-84)/10?
2
Suppose -r + 217 = 12. List the prime factors of r.
5, 41
Suppose -5*r = -3*r - 5*w - 284, -5*w + 112 = r. List the prime factors of r.
2, 3, 11
Let y = -12 - -9. Let j = y + 12. What are the prime factors of j?
3
List the prime factors of (-2)/(-6) - (-490)/6.
2, 41
List the prime factors of 4 - 6 - (-46)/(4 - 2).
3, 7
Let b = 4 + 1. Suppose 17 = b*w - 8. Suppose 0 = -w*d + 2 + 43. What are the prime factors of d?
3
Let a(x) = x**3 + 6*x**2 + 5*x + 3. Let d be a(-5). Let n be d/((-3)/(-1)) - -19. Suppose -3*v = v - n. List the prime factors of v.
5
Suppose -4*m - m = -20. Suppose 5*j = -4*o + 10, m*o - 2*j = -o + 29. Suppose 76 = o*v + 21. List the prime factors of v.
11
Suppose -2 + 0 = -4*f + 3*n, 4*f - 10 = -n. Suppose -f*s + 8 = -0*s. Suppose 56 - 12 = s*c + 5*o, 5*c - 55 = -2*o. List the prime factors of c.
11
Suppose -3*u = 2*l - 48, -2*l - 9 = -3. Let y(w) = -w - 3. Let x be y(-8). Suppose x*c = 2*c + u. What are the prime factors of c?
2, 3
Suppose b - 2 = -y - 2*y, 10 = 5*b - 5*y. Suppose 5*v + 26 = 3*c + 3*v, 5*c + b*v = 54. What are the prime factors of c?
2, 5
Suppose 0 = 4*m - 187 + 35. What are the prime factors of m?
2, 19
Let j = -97 - -50. Let k = j + 73. List the prime factors of k.
2, 13
Let m(z) = -27*z. What are the prime factors of m(-3)?
3
Suppose -74 = y - 3*y. Suppose -3*c + 4*j = -y, 2*c - j - 8 = 10. List the prime factors of c.
7
Suppose 3*c - 20 = -2*k, 0 = -k - 5*c + 24 - 0. List the prime factors of 1080/78 - k/(-26).
2, 7
Let a(j) = 5*j - 3. Let u be a(3). Let m be 1/(15/u + -1). What are the prime factors of (22/m)/((-2)/(-4))?
11
Let y = 42 + -26. What are the prime factors of y?
2
List the prime factors of (-542)/(-4)*-5*18/(-45).
271
Suppose f + 56 = 4*w - 3*f, 3*w - 2*f - 40 = 0. Suppose 1 = 29*t - 30*t. List the prime factors of w - (t + (-1 - 0)).
2, 7
Suppose l = -2*l. Suppose l = -5*u - 4*q + 69, 4*u - 37 = -q + 27. What are the prime factors of u?
17
Suppose -4*p + 5*p = 45. What are the prime factors of p?
3, 5
Let p(r) = r**2 + 9*r - 32. List the prime factors of p(8).
2, 13
What are the prime factors of 1189/8 + (-27)/(-72)?
149
Suppose -3*t = -2*t - 345. What are the prime factors of t?
3, 5, 23
Suppose 11*t - 62 = 9*t. What are the prime factors of t?
31
Let w(p) = -p**3 + 4*p**2 + 3. What are the prime factors of w(3)?
2, 3
Suppose -3 - 2 = -f. Suppose -f*v + 4*v + 24 = 0. What are the prime factors of v?
2, 3
Suppose 23 + 7 = -5*o. Let f = 8 - o. What are the prime factors of f?
2, 7
Suppose 0 = 5*s - 2*s - 204. List the prime factors of s.
2, 17
Let y(p) = 2*p - p - 2*p - 2*p - 2. Let h be y(-6). Suppose -10 = -2*m + h. List the prime factors of m.
13
Suppose 4*a + 3 - 1 = 5*s, -12 = -2*a - 4*s. Let g(k) = k - a + k - 3. List the prime factors of g(5).
5
Suppose -2*q + 5*q - 171 = 0. Let g = q + -34. List the prime factors of g.
23
Suppose 0 = 4*n - 2*z - 3*z + 15, -3*n = -5*z + 15. Let o be 63/7 + (2 - -1). Suppose n*y - o = -2*y. List the prime factors of y.
2, 3
Suppose -2*z - 304 = -5*k, 2*k - k + 3*z = 54. List the prime factors of k.
2, 3, 5
Let s(r) = -13*r - 8*r + 6*r + 4 - 2. List the prime factors of s(-1).
17
List the prime factors of 5/((-20)/16) - -20.
2
Suppose -3*x - 5*m = -69, -5*x + 0*x = 5*m - 125. List the prime factors of x.
2, 7
List the prime factors of -4*1/2 + 0 - -153.
151
Let m(g) = 9*g + g + 5 - 5. What are the prime factors of m(2)?
2, 5
Let j be (-2)/(-6) - 2/6. Suppose -o + 12 = -j. Suppose 0 = -4*u - 0*u + o. List the prime factors of u.
3
Let h(b) = -b**2 - 9*b - 3. Let q be h(-4). Suppose 3*u - 2*i - q = 0, 3*i - 4 = 2. What are the prime factors of u?
7
Suppose -5*g + 181 = 4*a, -4*a = -0*g + g - 161. Let j = a - 23. List the prime factors of j.
2
Suppose -5*r + 174 = -3*r. List the prime factors of r.
3, 29
Let w(z) = -z**3 - 2*z**2 + 5*z + 4. Let r be w(-3). Let a be 2*4 - (2 + r). Let m(y) = y + 2. List the prime factors of m(a).
2, 5
What are the prime factors of ((-18)/(-4) + -4)*106?
53
Let g = -167 - -274. What are the prime factors of g?
107
Let w(g) = -g**3 - g**2 + g + 14. What are the prime factors of w(0)?
2, 7
Let w = -1 - -3. Suppose -w*q + 6 = 124. Let b = -39 - q. What are the prime factors of b?
2, 5
List the prime factors of 1 - (24/(-32))/((-1)/(-16)).
13
Suppose o + 3*o - 16 = 0. Suppose 5 = -l - n, 17 = o*l - 5*n - 8. Suppose -t + 6 = -l. What are the prime factors of t?
2, 3
Let h = -12 + 34. Suppose s - h = -s. List the prime factors of s.
11
Suppose -12*l + 15*l - 15 = 0. Suppose -l*i + 152 = 47. What are the prime factors of i?
3, 7
Let a be (4/(-3))/((-18)/(-27)). Let q(r) = 3*r**2 - 2 - 5*r + 3*r**2 - 7*r**2. What are the prime factors of q(a)?
2
Let a(b) = -b**3 + 19*b**2 + 13*b - 13. Let z(p) = -2*p**3 + 39*p**2 + 26*p - 27. Let x(u) = -13*a(u) + 6*z(u). List the prime factors of x(14).
3, 7
Suppose -2*y + 4*v + 44 = 0, -56 = -7*y + 4*y + 4*v. List the prime factors of y.
2, 3
Suppose 9 = -2*k + 29. List the prime factors of k.
2, 5
Suppose -3*g = 46 - 169. Let v = g - 20. Suppose -3*u + p = -3*p - 7, 4*u = 3*p + v. What are the prime factors of u?
3
Let w be (-2)/(-6) - (-5)/3. Suppose 0 = w*t - 5*t. Suppose t = 5*f + b - 10, -2*b + 10 = 5*f + 3*b. List the prime factors of f.
2
Let f(g) = 3*g**2 + 5*g + 1. Let u(r) = -3*r**2 - 4*r - 1. Let o(x) = -6*f(x) - 7*u(x). Let h = -5 + 7. List the prime factors of o(h).
3
Let d(p) = 3*p**2 + 1. Suppose -c + 4*j + 14 = c, -4*c - 8 = 4*j. Let a be d(c). Suppose 3*q + 5*m = 48, 0*q - a*q + 38 = -2*m. What are the prime factors of q?
11
Let g(k) = 2*k**2 - 6*k + 6. Let a(z) = -z**2 + 6*z - 3. Let o be a(4). Let c be g(o). Suppose -c = -3*p + 4. What are the prime factors of p?
2, 5
Let q be 4/(8/36*3). Suppose -5*b + 143 = -3*z, -5*z - q = -26. What are the prime factors of b?
31
Let l = 57 - -168. What are the prime factors of l?
3, 5
Suppose -2*l + 0*u + 5*u + 142 = 0, 0 = 5*l - 3*u - 336. List the prime factors of l.
2, 3, 11
List the prime factors of (3/3)/(6/408).
2, 17
Suppose -l + 54 = -0*l. Suppose 0*s - 3*s = 3*c - 54, 3*s = -c + l. List the prime factors of s.
2, 3
Let s = 8 + -4. Let n(r) = -r**3 + 3*r**2 + 4*r + 2. Let f be n(s). Suppose 0 = -f*y + y + 16. What are the prime factors of y?
2
Suppose -14*y + 17*y = 198. What are the prime factors of y?
2, 3, 11
Suppose -5*j + q + 14 = 0, -5*j + 2*q = -5 - 8. Suppose 27 = 2*i - 3*z, 8 + 1 = 4*i + j*z. List the prime factors of i.
2, 3
Let r(p) = p**2 - 4*p + 2. Let f be r(5). Suppose 3*o = 4*s + 75, -f*s + 50 = 2*o - 2*s. What are the prime factors of o?
5
Let q be (-1)/2*(5 - 7). Suppose 0 = 2*j - q - 31. List the prime factors of j.
2
Let m(w) be the first derivative of w**2/2 + 10*w - 1. What are the prime factors of m(-7)?
3
What are the prime factors of -5 + 1/1 + 263?
7, 37
Suppose -7*g = g - 304. What are the prime factors of g?
2, 19
What are the prime factors of 6/(-39) + 288/13?
2, 11
Suppose -l + 4*n - 36 = -5*l, -5*l + 5*n = -5. Suppose 2*z + l*x = 4*z - 68, -3*z - x = -68. Suppose -g = -5*g + z. List the prime factors of g.
2, 3
Let b(v) = 3*v**2 - 3*v + 5. What are the prime factors of b(-5)?
5, 19
Let z = 2 + -9. Let m = z + 11. List the prime factors of m.
2
Let f(r) = -2*r + 215. What are the prime factors of f(0)?
5, 43
Let l = 2 + 0. Suppose -4*f = 12, -f - 3*f = -l*d + 22. Let m(i) = i - 3. What are the prime factors of m(d)?
2
Let s(k) = 3*k**2 + 2*k - 1. Let d be s(2). List the prime factors of -10*(1 - 21/d).
2
Suppose -50 = 2*s - 4*d, 5*s + 2*d + 167 = -2*d. Let n = 23 - 41. Let x = n - s. What are the prime factors o